{"id":4810,"date":"2022-06-22T16:49:17","date_gmt":"2022-06-22T13:49:17","guid":{"rendered":"https:\/\/intersystems.ro\/isw\/?page_id=4810"},"modified":"2022-06-22T16:54:25","modified_gmt":"2022-06-22T13:54:25","slug":"contact","status":"publish","type":"page","link":"https:\/\/intersystems.ro\/isw\/smartpol\/contact\/","title":{"rendered":"SMARTPOL Contact"},"content":{"rendered":"<p>[vc_row][vc_column width=&#8221;1\/6&#8243;][vc_btn title=&#8221;<strong>Home<\/strong>&#8221; color=&#8221;primary&#8221; size=&#8221;sm&#8221; align=&#8221;center&#8221; button_block=&#8221;true&#8221; link=&#8221;url:https%3A%2F%2Fintersystems.ro%2Fisw%2Fsmartpol%2F|title:SMARTPOL||&#8221;][vc_btn title=&#8221;<strong>Project Presentation<\/strong>&#8221; color=&#8221;primary&#8221; size=&#8221;sm&#8221; align=&#8221;center&#8221; button_block=&#8221;true&#8221; link=&#8221;url:https%3A%2F%2Fintersystems.ro%2Fisw%2Fsmartpol%2Fproject-presentation%2F%20|title:SMARTPOL%20Project%20Presentation||&#8221;][vc_btn title=&#8221;<strong>Romanian Partener<\/strong>&#8221; color=&#8221;primary&#8221; size=&#8221;sm&#8221; align=&#8221;center&#8221; button_block=&#8221;true&#8221; link=&#8221;url:https%3A%2F%2Fintersystems.ro%2Fisw%2Fsmartpol%2Fromanian-partener%2F|title:SMARTPOL%20Romanian%20Partener||&#8221;][vc_btn title=&#8221;<strong>International Parteners<\/strong>&#8221; color=&#8221;primary&#8221; size=&#8221;sm&#8221; align=&#8221;center&#8221; button_block=&#8221;true&#8221; link=&#8221;url:https%3A%2F%2Fintersystems.ro%2Fisw%2Fsmartpol%2Finternational-parteners%2F|title:SMARTPOL%20International%20Parteners||&#8221;][vc_btn title=&#8221;<strong>Dissemination<\/strong>&#8221; color=&#8221;primary&#8221; size=&#8221;sm&#8221; align=&#8221;center&#8221; button_block=&#8221;true&#8221; link=&#8221;url:https%3A%2F%2Fintersystems.ro%2Fisw%2Fsmartpol%2Fdissemination%2F|title:SMARTPOL%20Dissemination||&#8221;][vc_btn title=&#8221;<strong>Contact<\/strong>&#8221; color=&#8221;primary&#8221; size=&#8221;sm&#8221; align=&#8221;center&#8221; button_block=&#8221;true&#8221; link=&#8221;url:https%3A%2F%2Fintersystems.ro%2Fisw%2Fsmartpol%2Fcontact%2F|title:SMARTPOL%20Contact||&#8221;][\/vc_column][vc_column width=&#8221;5\/6&#8243;][vc_column_text]<strong>International Project Coordionator &#8211; YILDIZ TECHNICAL UNIVERSITY<\/strong><\/p>\n<p>Prof. Nurten Vardar<\/p>\n<p>Yildiz Technical University, Davutpa\u015fa Kamp\u00fcs\u00fc, Davutpa\u015fa Mah. Davutpa\u015fa Caddesi, 34220 Esenler, \u0130stanbul, Turkey<\/p>\n<p>Email <a href=\"mailto:vardar@yildiz.edu.tr\">vardar@yildiz.edu.tr<\/a><\/p>\n<p>Phone: +90 212 383 70 70<\/p>\n<p><a href=\"https:\/\/www.yildiz.edu.tr\/en\/\">https:\/\/www.yildiz.edu.tr\/en\/<\/a><\/p>\n<p>&nbsp;<\/p>\n<p><strong>Coordinator from the Romanian Partner &#8211; INTERACTIVE SOFTWARE S.R.L. (IS)<\/strong><\/p>\n<p>Ing. Adochitei Daniel, Program Manager<\/p>\n<p>INTERACTIVE SOFTWARE, 266-268 Calea Rahovei, Bldg 104, 050912 Bucharest, Romania<\/p>\n<p>Email: <a href=\"mailto:daniel.adochitei@interactive.com.ro\">daniel.adochitei@interactive.com.ro<\/a><\/p>\n<p>Phone: +40 372159610; Fax: +40 214232332<\/p>\n<p><a href=\"https:\/\/www.intersystems.ro\/isw\">https:\/\/www.intersystems.ro\/isw<\/a>[\/vc_column_text][\/vc_column][\/vc_row]<\/p>\n","protected":false},"excerpt":{"rendered":"<p>[vc_row][vc_column width=&#8221;1\/6&#8243;][vc_btn title=&#8221;Home&#8221; color=&#8221;primary&#8221; size=&#8221;sm&#8221; align=&#8221;center&#8221; button_block=&#8221;true&#8221; link=&#8221;url:https%3A%2F%2Fintersystems.ro%2Fisw%2Fsmartpol%2F|title:SMARTPOL||&#8221;][vc_btn title=&#8221;Project Presentation&#8221; color=&#8221;primary&#8221; size=&#8221;sm&#8221; align=&#8221;center&#8221; button_block=&#8221;true&#8221; link=&#8221;url:https%3A%2F%2Fintersystems.ro%2Fisw%2Fsmartpol%2Fproject-presentation%2F%20|title:SMARTPOL%20Project%20Presentation||&#8221;][vc_btn title=&#8221;Romanian Partener&#8221; color=&#8221;primary&#8221; size=&#8221;sm&#8221; align=&#8221;center&#8221; button_block=&#8221;true&#8221; link=&#8221;url:https%3A%2F%2Fintersystems.ro%2Fisw%2Fsmartpol%2Fromanian-partener%2F|title:SMARTPOL%20Romanian%20Partener||&#8221;][vc_btn title=&#8221;International Parteners&#8221; color=&#8221;primary&#8221; size=&#8221;sm&#8221; align=&#8221;center&#8221; button_block=&#8221;true&#8221; link=&#8221;url:https%3A%2F%2Fintersystems.ro%2Fisw%2Fsmartpol%2Finternational-parteners%2F|title:SMARTPOL%20International%20Parteners||&#8221;][vc_btn title=&#8221;Dissemination&#8221; color=&#8221;primary&#8221; size=&#8221;sm&#8221; align=&#8221;center&#8221; button_block=&#8221;true&#8221; link=&#8221;url:https%3A%2F%2Fintersystems.ro%2Fisw%2Fsmartpol%2Fdissemination%2F|title:SMARTPOL%20Dissemination||&#8221;][vc_btn title=&#8221;Contact&#8221; color=&#8221;primary&#8221; size=&#8221;sm&#8221; align=&#8221;center&#8221; button_block=&#8221;true&#8221; &hellip;<\/p>\n","protected":false},"author":5,"featured_media":0,"parent":4759,"menu_order":0,"comment_status":"closed","ping_status":"closed","template":"","meta":[],"yoast_head":"<!-- This site is optimized with the Yoast SEO plugin v15.2.1 - https:\/\/yoast.com\/wordpress\/plugins\/seo\/ -->\n<title>SMARTPOL Contact - Interactive Software<\/title>\n<meta name=\"robots\" content=\"index, follow, max-snippet:-1, max-image-preview:large, max-video-preview:-1\" \/>\n<link rel=\"canonical\" href=\"https:\/\/intersystems.ro\/isw\/smartpol\/contact\/\" \/>\n<meta property=\"og:locale\" content=\"en_US\" \/>\n<meta property=\"og:type\" content=\"article\" \/>\n<meta property=\"og:title\" content=\"SMARTPOL Contact - Interactive Software\" \/>\n<meta property=\"og:description\" content=\"[vc_row][vc_column width=&#8221;1\/6&#8243;][vc_btn title=&#8221;Home&#8221; color=&#8221;primary&#8221; size=&#8221;sm&#8221; align=&#8221;center&#8221; button_block=&#8221;true&#8221; link=&#8221;url:https%3A%2F%2Fintersystems.ro%2Fisw%2Fsmartpol%2F|title:SMARTPOL||&#8221;][vc_btn title=&#8221;Project Presentation&#8221; color=&#8221;primary&#8221; size=&#8221;sm&#8221; align=&#8221;center&#8221; button_block=&#8221;true&#8221; link=&#8221;url:https%3A%2F%2Fintersystems.ro%2Fisw%2Fsmartpol%2Fproject-presentation%2F%20|title:SMARTPOL%20Project%20Presentation||&#8221;][vc_btn title=&#8221;Romanian Partener&#8221; color=&#8221;primary&#8221; size=&#8221;sm&#8221; align=&#8221;center&#8221; button_block=&#8221;true&#8221; link=&#8221;url:https%3A%2F%2Fintersystems.ro%2Fisw%2Fsmartpol%2Fromanian-partener%2F|title:SMARTPOL%20Romanian%20Partener||&#8221;][vc_btn title=&#8221;International Parteners&#8221; color=&#8221;primary&#8221; size=&#8221;sm&#8221; align=&#8221;center&#8221; button_block=&#8221;true&#8221; link=&#8221;url:https%3A%2F%2Fintersystems.ro%2Fisw%2Fsmartpol%2Finternational-parteners%2F|title:SMARTPOL%20International%20Parteners||&#8221;][vc_btn title=&#8221;Dissemination&#8221; color=&#8221;primary&#8221; size=&#8221;sm&#8221; align=&#8221;center&#8221; button_block=&#8221;true&#8221; link=&#8221;url:https%3A%2F%2Fintersystems.ro%2Fisw%2Fsmartpol%2Fdissemination%2F|title:SMARTPOL%20Dissemination||&#8221;][vc_btn title=&#8221;Contact&#8221; color=&#8221;primary&#8221; size=&#8221;sm&#8221; align=&#8221;center&#8221; button_block=&#8221;true&#8221; &hellip;\" \/>\n<meta property=\"og:url\" content=\"https:\/\/intersystems.ro\/isw\/smartpol\/contact\/\" \/>\n<meta property=\"og:site_name\" content=\"Interactive Software\" \/>\n<meta property=\"article:modified_time\" content=\"2022-06-22T13:54:25+00:00\" \/>\n<meta name=\"twitter:card\" content=\"summary_large_image\" \/>\n<meta name=\"twitter:label1\" content=\"Written by\">\n\t<meta name=\"twitter:data1\" content=\"victor\">\n\t<meta name=\"twitter:label2\" content=\"Est. reading time\">\n\t<meta name=\"twitter:data2\" content=\"1 minute\">\n<script type=\"application\/ld+json\" class=\"yoast-schema-graph\">{\"@context\":\"https:\/\/schema.org\",\"@graph\":[{\"@type\":\"WebSite\",\"@id\":\"https:\/\/intersystems.ro\/isw\/#website\",\"url\":\"https:\/\/intersystems.ro\/isw\/\",\"name\":\"Interactive Software\",\"description\":\"\",\"potentialAction\":[{\"@type\":\"SearchAction\",\"target\":\"https:\/\/intersystems.ro\/isw\/?s={search_term_string}\",\"query-input\":\"required name=search_term_string\"}],\"inLanguage\":\"en-US\"},{\"@type\":\"WebPage\",\"@id\":\"https:\/\/intersystems.ro\/isw\/smartpol\/contact\/#webpage\",\"url\":\"https:\/\/intersystems.ro\/isw\/smartpol\/contact\/\",\"name\":\"SMARTPOL Contact - Interactive Software\",\"isPartOf\":{\"@id\":\"https:\/\/intersystems.ro\/isw\/#website\"},\"datePublished\":\"2022-06-22T13:49:17+00:00\",\"dateModified\":\"2022-06-22T13:54:25+00:00\",\"inLanguage\":\"en-US\",\"potentialAction\":[{\"@type\":\"ReadAction\",\"target\":[\"https:\/\/intersystems.ro\/isw\/smartpol\/contact\/\"]}]}]}<\/script>\n<!-- \/ Yoast SEO plugin. -->","_links":{"self":[{"href":"https:\/\/intersystems.ro\/isw\/wp-json\/wp\/v2\/pages\/4810"}],"collection":[{"href":"https:\/\/intersystems.ro\/isw\/wp-json\/wp\/v2\/pages"}],"about":[{"href":"https:\/\/intersystems.ro\/isw\/wp-json\/wp\/v2\/types\/page"}],"author":[{"embeddable":true,"href":"https:\/\/intersystems.ro\/isw\/wp-json\/wp\/v2\/users\/5"}],"replies":[{"embeddable":true,"href":"https:\/\/intersystems.ro\/isw\/wp-json\/wp\/v2\/comments?post=4810"}],"version-history":[{"count":3,"href":"https:\/\/intersystems.ro\/isw\/wp-json\/wp\/v2\/pages\/4810\/revisions"}],"predecessor-version":[{"id":4813,"href":"https:\/\/intersystems.ro\/isw\/wp-json\/wp\/v2\/pages\/4810\/revisions\/4813"}],"up":[{"embeddable":true,"href":"https:\/\/intersystems.ro\/isw\/wp-json\/wp\/v2\/pages\/4759"}],"wp:attachment":[{"href":"https:\/\/intersystems.ro\/isw\/wp-json\/wp\/v2\/media?parent=4810"}],"curies":[{"name":"wp","href":"https:\/\/api.w.org\/{rel}","templated":true}]}}